ve t(f).
-1
Let h(g) = g**2 - 4*g + 4. Suppose -5*i - 22 = -2. Let w(r) be the second derivative of -r**4/12 - 5*r**3/6 - r**2/2 + 2*r. Let j be w(i). Calculate h(j).
1
Let s(o) = -2*o + 1. Let u(b) = -b**2 - 9*b - 1. Let t be u(-8). What is s(t)?
-13
Let s(g) = -4*g**2 + g + 5. Let x(y) = 5*y**2 - y - 6. Let a(l) = 6*s(l) + 5*x(l). Let v be (-4 + 7)/((-2)/4). Let t be ((-4)/v)/(6/9). Give a(t).
2
Let j(r) = r + r + 9*r**2 - 10*r**2 + 2. Determine j(-2).
-6
Let s = -9 - -5. Let m(c) = c**2 + c + 1. Let t(v) = -5*v**2 - 8*v - 1. Let d(f) = s*m(f) - t(f). Calculate d(-5).
2
Let p(s) = s**2 + 4*s - 4. Let a = -11 + 16. Suppose a*g - 5*c + 30 = 0, 2*g + 4 = 3*g + 4*c. What is p(g)?
-4
Let d(w) = 3*w + 5. Suppose 0 = x - 3 - 0. Let t be (x/1 + 1)*-1. Give d(t).
-7
Suppose 0 = 5*l - l. Let i be (-1)/2*(l - 6). Let u(a) = a**2 - 4*a + 1. What is u(i)?
-2
Let n(r) = r**2 - 4*r + 2. Let x be n(4). Let y be -1 + -2 + (1 - -15). Let o(f) = -y*f + f**2 + 13*f. What is o(x)?
4
Let z(b) = 8*b - b - 2*b - 3 + b**2. Let p(w) be the second derivative of 3*w**5/10 + w**4/12 - w**3/6 - w**2/2 - 2*w. Let l be p(-1). Determine z(l).
-3
Let k(x) be the first derivative of -7*x**3/3 - x**2 + x + 28. Let a = -2 - -3. What is k(a)?
-8
Let z = 45 + -21. Suppose 4*u + 4 = 0, -5 - z = -4*n + 5*u. Let l(b) = b**2 - 7*b + 1. Determine l(n).
-5
Let d(s) = -s**3 + 5*s**2 - 2*s + 9. Let o be d(5). Let z(j) = 5*j**2 + j + 3. Let f(m) = -m**3 - 11*m**2 - 2*m - 7. Let h(b) = 3*f(b) + 7*z(b). Determine h(o).
4
Suppose 10 - 2 = -h. Let s(d) = -d**2 - 7*d + 4. What is s(h)?
-4
Let r(z) be the first derivative of -z**2/2 + 2*z - 8. Give r(2).
0
Let a(v) = -v**2 + v + 7. Let z be 1 - (-4 - -3)/(-1). Let m be a(z). Let b(w) = w - m*w + 0 - 1. What is b(-2)?
11
Suppose y + 0 = 4. Suppose 0 = 4*j + o - 8 - 4, 3*j - 2 = o. Let d(t) = 3 + j*t + 0*t + 0*t - 5. What is d(y)?
6
Let o(x) = 0*x**2 + 3*x**2 + 1 + 2 - 5*x - 2*x**2. Let a be (13 - 1)*2/(-3). Let m be (2/(-4))/(1/a). What is o(m)?
-1
Let t = -6 - -7. Let m(l) = 0*l - 3*l - 3*l. Let j(s) = s. Let a(o) = -28*j(o) - 4*m(o). Give a(t).
-4
Let c be 6/2 + 32/(-4). Let u(i) = 8*i + 5. Let r(b) = 7*b + 5. Let l = -7 + 13. Let q(n) = l*u(n) - 7*r(n). Give q(c).
0
Let z = -4 - -7. Let t(q) = 4*q**z + 6*q**3 - 9*q**3 + 1 - 2*q + q**2. Give t(1).
1
Let p be (2/(-3))/(-5 + 107/21). Let m(o) = -o**3 - 6*o**2 + 7*o. Give m(p).
0
Let f(h) = h**3 + 4*h**2 - 6*h + 6. Let v be (-24)/(-96) + (-29)/4 + 1. Give f(v).
-30
Let w(x) = -3*x**2 + 4*x - 3. Let a = -1 + 5. Suppose 0 = -u + 4*u - 2*k - 6, -10 = -5*u + a*k. Determine w(u).
-7
Let m(n) = -10*n**2 + 34*n**2 + n - 11*n**2. Give m(-1).
12
Let m(k) = k**3 - 12*k**2 + 10*k + 15. Let j = -74 - -85. What is m(j)?
4
Let o(n) = 2*n**3 + 2*n**2 + 2*n - 6. Let q(x) = -3*x**3 - 2*x**2 - x + 7. Let i(u) = 4*o(u) + 3*q(u). Give i(3).
3
Let c = 28 - 26. Let w(u) = -2*u**3 + 3*u**2 - 2. Give w(c).
-6
Let q be -2 + 7 + (1 - 4). Let g(n) be the third derivative of 1/60*n**5 + 2/3*n**3 + 0 + 0*n - n**q - 1/4*n**4. Give g(5).
-1
Let m(t) = 1. Let i(h) = -3*h - 1. Let c(u) = -i(u) + 2*m(u). What is c(-2)?
-3
Let y be (-1)/(-8 - -4 - -5). Let z(m) = -5*m**2 + 1. Calculate z(y).
-4
Suppose 0 = 2*f + 16 - 14. Let h(n) = n + 1. Let q(p) = 5*p + 3. Let z(u) = f*q(u) + 6*h(u). What is z(-5)?
-2
Let s(i) be the second derivative of i**4/12 - i**3/6 + i. Give s(-3).
12
Let b(v) = -v**2 + 2*v - 3. Let y be ((-6)/5)/((-24)/(-320)). Let t = -14 - y. Determine b(t).
-3
Let p(n) be the second derivative of n**4/12 + 5*n**3/6 - n**2 + 3*n. Let w(d) = -d**3 + 5*d**2 - d. Let b be w(3). Let y = 9 - b. Give p(y).
4
Let x(v) be the third derivative of v**5/60 + v**4/6 - v**3/2 - 16*v**2. Suppose 18 = -4*t + 2. Give x(t).
-3
Let t be (1 + -9)*(-2)/(-4). Let m(v) be the first derivative of v**3/3 + 2*v**2 + 3*v - 12. Determine m(t).
3
Let p(t) = -t**3 - t**2 + t - 2. Suppose -4*w - 24 = 4*f, 2*w + 0 = 5*f + 2. What is p(f)?
0
Let k(l) = l**2 + 4*l - 3. Let w(m) = -4*m - 2. Suppose 9*s + 10 = 4*s. Let o be w(s). Let t = o + -10. Determine k(t).
-3
Let l(u) = -2*u**2 + 5*u + 4. Let s = 3 + 2. Suppose -4*r = -2*j + 2, r + s = 2*j - 0. Suppose j*v + v = 16. Determine l(v).
-8
Let n(l) = -4*l - 5*l - 2 + 0 + 4*l. What is n(-2)?
8
Let o(s) = s - 2. Suppose 0*d + 3*d - 12 = 0. Determine o(d).
2
Suppose -u + 4*u - 1 = -v, 3*v = -3*u + 9. Let r(y) = 8*y**2 + 2*y + 1. Determine r(u).
7
Let q be 2*(0 - (-2)/1). Let k(d) = 2 + d + 1 - d**3 - q. Let c = 14 - 14. Give k(c).
-1
Let o be (2 + -1)/(1/2). Suppose o*i = -2*i. Let b(x) = 2*x + i*x - 3*x**2 + x**3 + 0 - 3. Calculate b(2).
-3
Let v(b) = 5. Let n(x) = x + 20. Let m(f) = 2*n(f) - 9*v(f). Let c(y) = -y + 2. Let q(z) = 5*c(z) + 2*m(z). Let l(g) = g**2 + 1. Let j be l(0). Calculate q(j).
-1
Let z be 3/(-2)*(-12)/9. Let l(a) = 3*a**2 - 7*a + 3*a**z - 7*a**2 - 3. What is l(-5)?
7
Let j(q) = -7*q + 1. Let n be (-5)/(-15)*18/3. Calculate j(n).
-13
Let w = -6 - -6. Let o(c) be the third derivative of 1/12*c**4 - c**2 + w + 1/30*c**6 + 1/60*c**5 + 0*c + 1/6*c**3. Calculate o(-1).
-4
Let t = 35 - 41. Let n(k) = -k**2 - 7*k + 6. What is n(t)?
12
Let k(z) be the third derivative of z**5/60 + z**4/24 + z**3/6 - 4*z**2. What is k(0)?
1
Let s(f) = f**2 - 4*f - 7. Let t be 2/(-2 - 3/(36/(-28))). Give s(t).
5
Let i(b) = b**3 - 3*b**2 - 3*b - 3. Let d be i(4). Let l(t) = -t + 2. Calculate l(d).
1
Let p = 2 + -12. Let o be 4/p + 44/10. Let s(g) = 5*g**3 + 11*g**2 + 3*g - 3. Let f(v) = 4*v**3 + 10*v**2 + 2*v - 3. Let u(b) = -6*f(b) + 5*s(b). What is u(o)?
-1
Let u(j) = -j + 2. Let k be (3*(-5)/3)/(-1). Calculate u(k).
-3
Suppose 5*k = -5*m + 25, -5*k + 5 - 1 = 2*m. Let q(s) be the third derivative of -s**5/60 + 3*s**4/8 - 7*s**3/6 - s**2. Give q(m).
7
Let u = -8 - -6. Let n = u - -4. Let z(j) = 2*j + 2. Calculate z(n).
6
Let p(g) = -2*g - 9. Let u be p(-6). Suppose r = -u*r. Suppose 0*s + 5*s - a - 24 = r, -8 = 2*a. Let o(h) = h**3 - 3*h**2 - 5*h - 1. Give o(s).
-5
Let c(l) = -l**3 - 7*l**2 - l - 2. Suppose 5*p + 5*i + 10 = 0, 0*p - 3*p = 2*i + 11. Determine c(p).
5
Let x(d) = -d**3 + 2*d**2 + 3*d + 4. Let y = -14 - -14. Suppose 5*r - 23 = -2*f, 4*r + y*r + f - 16 = 0. What is x(r)?
4
Let m(j) be the first derivative of -1/24*j**4 - 2/3*j**3 - 1/60*j**5 + j**2 + 0*j + 1. Let s(c) be the second derivative of m(c). Determine s(0).
-4
Suppose 0 = 38*g - 35*g. Let n(t) = -7*t**2 + t + 5. Let v(z) = -13*z**2 + 2*z + 9. Let u(k) = -11*n(k) + 6*v(k). Give u(g).
-1
Let n(j) = -j**2 + j. Let m(c) = 12*c**3 + 3*c**2 - 5*c - 1. Let w(b) = m(b) + 3*n(b). Give w(-1).
-11
Let m(h) = h + 1. Let c be m(4). Let x(s) = -s - 4*s + c - 4 + 4*s. Let q = 2 + -5. What is x(q)?
4
Let h(w) be the first derivative of w**7/840 - w**6/90 + w**5/60 + w**4/6 - w**3 - 2. Let o(t) be the third derivative of h(t). Let k = 8 - 5. Give o(k).
1
Let g be (-9)/(-7) + (-6)/21. Let c(u) be the first derivative of 2*u**4 - u**3/3 + u - 2. Calculate c(g).
8
Suppose -4*c - 15 = c. Let k = c - -6. Suppose 4*w - 35 = k*a, 2*a + 5*w - 4 = 11. Let h(u) = -u**2 - 6*u - 1. Determine h(a).
4
Suppose -8 + 28 = 5*m. Suppose h - 1 = 0, -m*j - j = h - 21. Let u(s) = -45 + 2*s + s**2 + 50 - 7*s. Calculate u(j).
1
Let s be (10/6)/(4/24). Let z = -9 + s. Let d(i) = 10*i**2 + i - 1. Give d(z).
10
Let w(h) = -h + 0*h**2 + 2*h + h**2. What is w(1)?
2
Let k(t) be the first derivative of -t**2/2 - 12*t + 19. Calculate k(-7).
-5
Let i(r) be the first derivative of 2/3*r**3 + 3 + r + 0*r**2. What is i(-2)?
9
Let n = -2 + 2. Suppose 0*s + 3*s = n. Let v(f) = 6 + 0*f**2 + f**3 - f - f**2 + 4*f**2 - 2*f**2. Determine v(s).
6
Let v(h) = -h**3 - 5*h**2 - h + 5. Let m be v(-4). Let j(f) = -f**3 - 7*f**2 + f + 5. Determine j(m).
-2
Let i(m) = -7*m - 3. Let w(c) = 4*c + 1. Suppose -4*u - 24 = -2*z, 5*u - 5*z + 4 + 31 = 0. Let l(d) = u*w(d) - 3*i(d). Calculate l(0).
4
Suppose -3 = 4*k - 5*k. Let b(d) = -3*d. What is b(k)?
-9
Let y(b) be the second derivative of b**4/6 - b**3/6 - b**2/2 - 3*b. Let h be y(-1). Let k(l) = -l**3 + 2*l**2 + 3*l - 2*l**2 - 3 + 0*l**3. Determine k(h).
-5
Let v be -1 - 2/((-2)/3). Let d(h) = -1 - 6*h**2 - 8*h**3 + 6*h**v. Calculate d(1).
-9
Let w = 40 - 39. Let l(p) be the first derivative of 1/4*p**4 - w + 0*p**3 + p**2 + 3*p. Calculate l(-2).
-9
Let t